 Calculate i(t).
-8
Let r = -209 + 205. Let q(z) be the second derivative of z**4/12 + 2*z**3/3 + z**2/2 - 3*z. Give q(r).
1
Let p(d) = -1 - 2*d + d**2 - 2*d**2 + d**3 - 1. Suppose 39*u - 5*g = 38*u + 63, 2*u + 42 = -4*g. What is p(u)?
10
Let a(b) = -24*b + 100. Let r(t) = -25*t + 100. Let p(n) = 2*a(n) - 3*r(n). Determine p(4).
8
Let o(d) = d**2 - 8*d + 12. Let n(g) = 8*g. Let m(p) = -2*n(p) - o(p). What is m(-9)?
-21
Let n(k) be the third derivative of -k**4/24 - 11*k**3/6 - 2*k**2 - 31*k. Give n(-10).
-1
Let g = 39 + -41. Let m(f) = -3*f - 14. Let s(r) = -2*r - 23. Let a(d) = -2*m(d) + s(d). Give a(g).
-3
Let v(w) = w**2 - 8*w - 7. Let s(a) be the first derivative of 2*a**3/3 - 7*a**2/2 + 5*a + 24. Let l = -1 + 5. Let o be s(l). Calculate v(o).
2
Suppose -29 - 115 = 24*o. Let h(g) = g**3 + 4*g**2 - 15*g - 13. What is h(o)?
5
Suppose 5 = -5*a + 15. Suppose -4*y - 7 = 3*i - a, -2*i + 10 = 0. Let d(h) = -6*h + 151 - 247 + 39 + 63 - h**2. What is d(y)?
11
Let p = 761 - 422. Let y(i) = -p + 339 + i. Suppose -m + 0*d = -2*d, 2*m = -d + 15. Calculate y(m).
6
Let a(l) be the second derivative of 1/12*l**4 + 1/2*l**2 + 1/60*l**6 + 5*l + 0 - 1/6*l**3 - 1/60*l**5. Let z(j) be the first derivative of a(j). Give z(2).
15
Let w(b) = -11*b**3 + 33583*b**2 - 33580*b**2 - b - 2 - 16*b**3 - 1 - 45*b**3. What is w(-1)?
73
Let v(i) be the second derivative of i**4/6 + 11*i**3/6 + 5*i**2 + i + 4. What is v(-4)?
-2
Let q(v) = -v**2 - 15*v - 9. Let t be q(-4). Suppose -t - 3 = -19*n. Let m(s) = -s - 1. Give m(n).
-3
Let w(h) be the first derivative of h**2 + h + 2. Let c be (17 - (-1312)/(-80))/((-7)/35). Give w(c).
-5
Suppose 0*o + o - 4 = j, -4*j - 4 = 2*o. Let k(w) = w + 2. Let y(c) = 5. Let s(i) = o*k(i) - y(i). Calculate s(7).
13
Suppose 5*y = -5*c + 100, -5*c - 18*y = -21*y - 20. Let r(m) = 9*m + 3 + m**3 + 7 - 11*m**2 + 0*m**3. Calculate r(c).
0
Let s(j) = -2*j**2 + j + 4. Suppose -5*p - 22 = 3*h - 26, 5*p = -6*h + 13. What is s(h)?
-11
Let n(k) be the second derivative of k**3 - 13*k**2/2 + 7*k - 8. What is n(2)?
-1
Let g be (1 + 8)*2/3. Let d(r) = -r**3 - 12*r**2 + 2*r + 26. Let c be d(-12). Let j(o) = 5*o + 3 + 0*o**c + 0*o**2 - 6*o**2 + 5*o**2. What is j(g)?
-3
Suppose -5*d = -n + 24 - 63, 0 = -2*d + n + 15. Suppose -l = 4*y + 26, 3*l + d = -y - 4. Let a(h) = h**2 + 7*h + 1. What is a(y)?
-5
Suppose 0 = -5*f - p - 5, -46*f + 51*f - 5*p - 25 = 0. Let k(y) = -y**3 - 2*y**2 - 3*y + 20. Give k(f).
20
Suppose -3 = -d - 2*d, -320 = 5*c + 5*d. Let r = c - -65. Let t = 5 + r. Let j(z) = -2*z**2 + 6*z + 3. Give j(t).
-17
Suppose 0 = -4*x - 3*t + 9, t = x + 2*t - 1. Let z(u) = 194*u - 1 - 2 + 7*u**2 - 15*u - u**3 - 184*u. Determine z(x).
3
Let o(t) = 2*t**2 + 7*t - 26. Let g = -2518 + 2510. Calculate o(g).
46
Let u(d) be the third derivative of -d**6/120 + d**5/10 - d**4/6 - 7*d**3/6 - 3*d**2. Let w(l) = l**3 - 19*l**2 - 11*l + 214. Let q be w(19). What is u(q)?
-2
Let f(x) = -2*x**2 + 3*x - 3. Let p(b) = -b**3 + 9*b**2 - 7*b - 6. Let t be p(8). Suppose -10 - 3 = -t*z + 3*c, 0 = -3*z + c + 16. What is f(z)?
-38
Let x = -158 - -142. Let m be (-2)/x*-6*4*2. Let v(d) = -d. Calculate v(m).
6
Let f be -1 - -17 - (-15 + 11 + 8). Let j(p) = -f + 15 - p - 3*p. Give j(6).
-21
Let q(w) = -2*w**3 + 10*w**2 + w - 5. Suppose 18*t + 77*t - 158 = 317. Give q(t).
0
Let o(l) = -6*l + 5. Let d = -3959 + 3956. Calculate o(d).
23
Let i(s) = -12 - 8*s + 195*s**2 - 196*s**2 - 4*s. Let l(a) = a - 2. Let m(q) = q - 1. Let h(d) = l(d) - 2*m(d). Let n be h(9). Calculate i(n).
15
Let t(f) be the third derivative of f**5/20 + f**4/6 - 17*f**3/6 - 2913*f**2. Give t(-4).
15
Let p(v) = -54. Let r(y) = y - 56. Let z(a) = -6*p(a) + 5*r(a). What is z(-10)?
-6
Suppose 5*s + 878 - 918 = 5*h, -5*h - 28 = -3*s. Let g(f) = -3*f**2 - 10*f + 8. Let p(a) = 7*a**2 + 21*a - 16. Let c(i) = 9*g(i) + 4*p(i). Determine c(s).
8
Let s(x) = -x**2 + 7*x - 2. Suppose 0 = -2*v - 3*y + 15 + 25, -3*v = y - 60. Suppose -12*o = -64 - v. Calculate s(o).
-2
Let q(g) be the third derivative of g**6/120 - g**5/30 - g**4/6 - 7*g**3/6 - 122*g**2 - 2*g. Give q(5).
48
Let t(x) be the second derivative of -4*x**3/3 - 3*x**2/2 + 2*x. Let r = 115 - 112. Suppose 0 = -r*g - 6*g - 18. Calculate t(g).
13
Let p = -14 - -18. Let d(h) = -6*h**2 + h**3 - 14*h - p + 4*h - 4*h**2. Suppose 5*v = -4*m + 31, 3*m = 117*v - 115*v - 40. Calculate d(v).
7
Let x(v) be the first derivative of v**2/2 + v + 1. Let h be (-10)/4 + ((-19160)/16 - -3). Let r be (-10)/14 - (-342)/h. What is x(r)?
0
Let d(q) be the third derivative of -q**5/30 - 13*q**4/24 + q**3/6 + 7*q**2 + 91. What is d(0)?
1
Let t(c) be the third derivative of -c**8/20160 + c**7/504 + c**6/720 + 49*c**5/30 - c**2 + 37*c. Let w(d) be the third derivative of t(d). Give w(7).
22
Let o be 1 + 2 - (-12 + (-3 - -18)). Let s(r) = -r**3 - 6*r**2 - 6*r - 3. Let t be s(-5). Let p(x) = o + 3 - 2 + 3*x**2 - t*x - x**3 + 0. Calculate p(3).
-5
Let s be 16/10 - 6/(-15). Suppose -25*w + 27*w = -s. Let n(x) = 1 - 11*x + 34*x - x**2 - x**2 - 8*x - 13*x. Give n(w).
-3
Let q(a) = -7*a - 147. Suppose 562 = -30*y - 68. Calculate q(y).
0
Suppose -3*p = -2*x + 15, 10*p + 3*x = 11*p + 19. Let g(h) = -h + 3. Give g(p).
4
Let b(j) = 16*j**2 - j. Let l(a) = -a**3 + 19*a**2 - 20*a + 35. Suppose -8*h = -6*h - 36. Let i be l(h). Determine b(i).
17
Let x(i) be the first derivative of -25 - 2*i**3 - 2*i**2 + 2*i - 1/4*i**4. Give x(-4).
-14
Let k(c) = c**2 + 2*c + 11. Let q(y) = -3*y**2 + 96. Let s(z) = -4*z**2 + 94. Let t(j) = -3*q(j) + 2*s(j). Let i be t(-10). Determine k(i).
11
Let i(g) = g**3 - 6*g**2 + g. Let p = 310 + -271. Suppose -3*r - p = -0*h - 4*h, -3*r - 21 = -h. What is i(h)?
6
Let m(o) = o**3 - 8*o**2 - 9*o. Let c(b) = -130*b**2 - 3*b + 2. Let w be c(1). Let l = -87 - w. Suppose f + 2*j - 11 = 0, -5*f + j = -0*f - l. What is m(f)?
0
Let g(r) = 14*r**3 - 64*r**2 - 3*r - 17. Let s(t) = 8*t**3 - 36*t**2 - 2*t - 8. Let z(f) = -3*g(f) + 5*s(f). What is z(6)?
5
Let y(r) be the second derivative of 4*r + 1/2*r**2 - 12 - 13/6*r**3. Determine y(1).
-12
Let q(a) = a**2 + 3*a + 1. Let l(b) = -b**3 + 17*b**2 - 16*b + 4. Let m be l(16). Let s(f) = -5*f**2 + 5*f + 3. Let w be s(m). Let v = 54 + w. Determine q(v).
1
Let a(p) be the first derivative of -2*p**3 + 27*p**2 + 64*p + 1012. Give a(10).
4
Let z(h) = -35*h - 300. Let o(g) = -7*g - 57. Let f(y) = -11*o(y) + 2*z(y). Calculate f(-3).
6
Let w = 382 + -388. Let r(a) be the first derivative of -a**2/2 - 2. Let x(l) = -l - 3. Let h(m) = 2*r(m) + x(m). Calculate h(w).
15
Let z(i) be the second derivative of -i**4/12 + 3*i**3/2 - 9*i**2/2 + 26*i + 1. Let p(h) = -h**2 + 11*h + 19. Let d be p(14). Let v = 30 + d. Give z(v).
5
Let q(f) = -f**3 - 2*f**2 + 17*f + 36. Suppose 0 = 5*t + 3*y + 16, -4*t - 3*y = -2*y + 10. Give q(t).
2
Suppose 10455 = 58*y - 43*y. Let h = y + -704. Let w(b) = b**2 + 6*b - 6. Give w(h).
1
Let r(x) = -x**3 + 16*x**2 - 37*x. Let t be (-41)/18 + (-45)/(-18) - 230/(-18). What is r(t)?
26
Let q(w) = 2*w**2 - 11*w - 8. Let h(s) = -3*s**2 + 13*s + 9. Suppose -3*m - 20 = -0*i + 5*i, i + 4 = 2*m. Let b(j) = i*q(j) - 3*h(j). What is b(-3)?
-1
Let l(c) be the third derivative of -c**5/60 + c**4/24 + 5*c**3/6 - 3*c**2 + 4. Suppose -8 = 3*q - 2*b, -7*q = -3*q + 5*b - 20. What is l(q)?
5
Let y(g) be the third derivative of g**4/24 + 1979*g**2 + 7*g. Let b be 4/10 + 48/5. Determine y(b).
10
Let r(b) = 6*b + 20. Let o be (9/(-24))/((-53)/(-424)). Determine r(o).
2
Let x(k) = 3*k - 18. Let l(y) = 17*y - 97. Let i(r) = -2*l(r) + 11*x(r). Let n be ((-21)/(-6))/(1/4). Suppose 0 = -2*t + 4 - n. Determine i(t).
1
Let a(t) = 14*t**3 + 8*t**2 + 10*t - 8. Let b(l) = -2*l**3 - l. Let g(w) = a(w) + 8*b(w). Let j be g(4). Let s(x) = x**3 + x**2 - x - 10. Give s(j).
-10
Let g(m) = -51 + 9485*m**3 + 24 + 7*m + 21 - 9486*m**3 - 6*m**2. Suppose -3*v = 0, 0*b - 2*v + 28 = -4*b. Determine g(b).
-6
Let z(w) = w**3 - 8*w**2 - 6*w - 5. Let i be (-76)/(-114) + 2497/3. Let s = i - 824. Calculate z(s).
22
Let m = 790 + -782. Let h(u) be the third derivative of -u**5/60 + 7*u**4/24 - 2*u**2. Determine h(m).
-8
Let l(c) = -c**2 + 18*c - 21. Let x(y) = -9*y**2 + 351*y + 12. Let i be x(39). Calculate l(i).
51
Let j(o) be the first derivative of -5*o**2 - 1/4*o**4 - 1 + 8/3*o**3 + 9*o. 